 6*z - 3*z**2 + 5*z**2 + 4*z**2 + z**3 - 2. What is the remainder when y is divided by t(-2)?
0
Let a(i) = i**2 - 9*i - 20. Let u = 71 + -60. Let v be a(u). Suppose 3*z + 133 = v*g, -5*g + 253 = -2*z - 85. Calculate the remainder when g is divided by 14.
12
Suppose -5*h + 15 + 140 = 3*t, -h + 43 = 3*t. Let y be -8 + (3 - -3 - 0). Calculate the remainder when (-1)/y*-3 + (-26414)/(-188) is divided by h.
27
Suppose 3*d - 73 = i, 4*i - 7*i = -4*d + 104. Let q be 3 + (196/(-42))/((-1)/(-3)). Let a = d + q. What is the remainder when 35 is divided by a?
11
Let r(l) = 136*l - 1199. What is the remainder when 32075 is divided by r(11)?
296
Let f(g) = -2*g. Suppose 464 + 760 = 12*w. What is the remainder when w is divided by f(-13)?
24
Suppose -5*p + 2 = 3*y - 2, p + 4*y + 6 = 0. Let x = 2510 + -2494. What is the remainder when (p - -3)/((-3)/(-18)) is divided by x?
14
Let o(z) = -z**3 - 7*z**2 + 8. Let t(b) = -b**2 - 5*b + 29. Let l be t(-9). Let r be o(l). Let h(u) = -u + 22. What is the remainder when h(r) is divided by 3?
2
Suppose 2*y + 2*b - 2 = 0, b + 3639 = y + 3630. Let t(m) = m - 3. Let c(j) = 1. Let u(q) = -3*c(q) - t(q). Calculate the remainder when y is divided by u(-5).
0
Let i = -4 - -14. Suppose -3*m - n - 4 = -15, 2*n + 28 = 4*m. Suppose m*d = 6*d - 127. Calculate the remainder when d is divided by i.
7
Calculate the remainder when 356 is divided by 4 - 4 - -22 - (-60)/15.
18
Let w = -227 + 713. Suppose 8*n - w = -n. Calculate the remainder when 98 is divided by n.
44
Suppose 3*j - 5 = -3*h + 2*h, -3*j + 20 = 4*h. Suppose 4*z - 4 = j, -43*f + 5*z = -41*f - 5. Let u = 7 + -4. Calculate the remainder when f is divided by u.
2
Let n(r) = -r**3 + 6*r**2 - 7*r + 8. Let k be n(4). Suppose k*f = 13*f - 30. Suppose f*j + 243 = 33*j. Calculate the remainder when j is divided by 42.
39
Let m(v) = -51*v**2 - v**3 - 19 + 95*v**2 - 52*v**2 - 3*v. Suppose -21 = -4*n - 5*y, 42 = 3*n - y - 4*y. Calculate the remainder when n is divided by m(-8).
4
Suppose -74 = 4*t - 5*t. What is the remainder when t is divided by 27 - 3*11/(-33)?
18
Let y = 573 - 221. Let a = -337 + y. Suppose -3*f + 285 = 2*f. What is the remainder when f is divided by a?
12
Let d = -2 - -5. Suppose 0 = -5*h + d*h + 70. Suppose 4*n - n = 2*j - 35, 0 = -5*j + 2*n + 93. Calculate the remainder when h is divided by j.
16
Let v(p) = -p + 14. Let t be v(10). What is the remainder when 2296/32 - (-1)/t is divided by 70/2*6/10 + (0 - -6)?
18
What is the remainder when 117 is divided by (-132)/(-12) - (2 + -2)?
7
Suppose 17467 = 4*m - w, 24094 = 5*m + 5*w + 2279. What is the remainder when m is divided by 21?
19
Let g = 58 - 329. Let h = -254 - g. Calculate the remainder when 95 is divided by h.
10
What is the remainder when -24 + 800/25 + (-13152)/(-4) is divided by 138?
122
Let m(t) = 17*t - 62. Suppose x = b + 598, 5*x + 30*b - 26*b = 2963. Calculate the remainder when x is divided by m(5).
20
Let n be 0*(-2)/(-4) - 0. Suppose n = -2*i + 8. Suppose i*h - 57 - 103 = 0. Calculate the remainder when h is divided by 11.
7
Let z be (-1)/(9/(-2)) - 22/18. Let u(d) = 7*d**2 - 1. Suppose -3*n = -i - 74, 5*n - 3*i + i - 125 = 0. What is the remainder when n is divided by u(z)?
5
Let q = 316 - 313. What is the remainder when (-8 + q)*(1 + 2)*-1 is divided by 8?
7
Let c be ((-109)/(-2))/((-22)/44). Calculate the remainder when 106 is divided by (-9)/(-45) - 0 - c/5.
18
Suppose -6*a + a = 5*i - 5680, -5*i + 5645 = -2*a. What is the remainder when i is divided by 111?
21
Let h = 875 + -826. Suppose 3559 = h*i + 276. What is the remainder when 182 is divided by i?
48
Suppose 0 = 10*t + 1066 + 1006 - 3252. Suppose -w + 4*v + 21 = -0*v, -42 = -2*w - 5*v. Calculate the remainder when t is divided by w.
13
Let l(j) = 2*j**2 - 26*j + 253. Calculate the remainder when l(10) is divided by 32.
1
Let d be 9/(27/6) + (-474)/(-2). Let f = 357 - d. What is the remainder when f is divided by 31?
25
Calculate the remainder when 1147 is divided by (25/2)/((-2)/(-2)) + (-6)/(-4).
13
Suppose 9*u + 3*g + 96 = 13*u, 6*u - 144 = 4*g. What is the remainder when 258 is divided by u?
18
Let h = 107 + -6. Let i be 2*6/4 + 93. Suppose i*w + 90 = h*w. Calculate the remainder when 71 is divided by w.
17
Let c be (6/7)/3 - 1172/(-14). Let i = c - 73. Suppose -30 - 56 = -2*u. What is the remainder when u is divided by i?
10
Let n = -4416 + 4550. What is the remainder when 529 is divided by n?
127
Let c = -302 + 494. Let x = 9 + 19. What is the remainder when c is divided by x?
24
Let b(l) = -2*l**3 + 15*l**2 + 66*l + 143. Let h(j) = -2*j**3 - 8*j**2 + 2*j - 5. What is the remainder when h(-6) is divided by b(11)?
17
Suppose -44*f + 8370 = -5*f - 3408. Calculate the remainder when f is divided by 129.
44
Suppose -13*l + 33 = 7, 0 = 5*t - 2*l - 351. What is the remainder when 457 is divided by t?
31
Suppose 3*g + 15 = 4*g + 3*q, -q + 4 = 0. Suppose 0 = -4*l + g*v - 2*v + 287, 0 = 2*l + 2*v - 146. Calculate the remainder when 573 is divided by l.
69
Let p be 2/(-6)*4*462/(-88). Suppose 2*f - 23 = 27. Calculate the remainder when f is divided by p*(7 - 3 - 3).
4
Suppose -4*v = -5 + 25, 0 = 3*f - 3*v - 72. Suppose 3*i - f = 4*t + 14, 4*t + i = -21. What is the remainder when 12/(-8) + 573/t*-1 is divided by 32?
30
Let z be ((4/(-6))/2)/(86/(-7224)). Suppose 10*d + 2196 = z*d. Calculate the remainder when d is divided by 14.
10
Let q(n) = n. Let o(s) = -4*s + 6. Let l(t) = -o(t) - 10*q(t). Let p be l(-3). What is the remainder when p/(-3)*(-11 + 1) is divided by 14?
12
Let a = -14 + 22. What is the remainder when 23 + 11 + -18 - 8 is divided by a?
0
Suppose 3*j = 3 - 27. Calculate the remainder when 25 is divided by (j/24)/((-3)/54).
1
Let z(h) be the first derivative of -13*h**2/2 + 313*h - 121. Calculate the remainder when z(-45) is divided by 60.
58
Let u = -35 + 28. What is the remainder when 65 is divided by -1 + (u/2)/(1/(-2))?
5
Suppose 9*d - 330 = 4*d. What is the remainder when 47 is divided by 4/(-8) - d/(-4)?
15
Let u = 47087 + -47071. Suppose 0 = 4*w - 5*l - 198, -4*w - l + 2*l + 190 = 0. What is the remainder when w is divided by u?
15
Suppose c + 6 - 2 = 3*a, -26 = -c - 3*a. Let z(p) = p**2 - 2*p**2 - 3 - 8 + 6 + 10*p. Calculate the remainder when z(5) is divided by c.
9
Let t = -3 + -7. Let n(i) = i**3 + 11*i**2 + 10*i + 9. Calculate the remainder when (10642/221 - 6) + 2/(-13) is divided by n(t).
6
What is the remainder when ((-10)/21*30 - -10)*-273 is divided by 584?
2
What is the remainder when 1*(106 + (1 - 1)) is divided by 18/(-630) + (-3712)/(-70)?
0
Calculate the remainder when 274 is divided by (25/(-50))/(2/(-616)).
120
Let x(f) = 83*f. Let y(n) = -n**3 + 41*n**2 + 40*n + 87. Let k be y(42). What is the remainder when x(2) is divided by (k - 10/15)*18?
40
Suppose -17 = 3*u + 2*a - 228, a - 209 = -3*u. What is the remainder when u is divided by 24?
21
What is the remainder when (401 - (1 + -1)) + -12 is divided by 193?
3
Let m = -15 + 22. What is the remainder when -1*(-98)/(-245) - (1404/(-10) - 1) is divided by m?
1
What is the remainder when 1 + -12 - (0/3 - 7100) is divided by 10?
9
Suppose 240 = 4*k + 8*k. Suppose -5*u - k = -5*o + 190, 5*o + 5*u = 240. What is the remainder when 222 is divided by o?
42
Let z = 6975 - 6152. Calculate the remainder when z is divided by 94.
71
What is the remainder when 106 is divided by (72 + -22)/((-5)/(-10))?
6
Suppose 0 = -4*n, -257 = -3*f + 4*n - 71. Let w(a) = -a**3 - 12*a**2 + 21*a - 63. Let t = -380 - -366. Calculate the remainder when f is divided by w(t).
27
Let u(p) = 11*p**2 + 1. Let x be u(1). Suppose -72 = 4*o - x*o. Let z = -3 + o. What is the remainder when 29 is divided by z?
5
Let a = 93 - -40. Let w = -100 + a. Suppose m = 3*m - 24. What is the remainder when w is divided by m?
9
Let b(n) = -n**3 + 27*n**2 + 59*n - 749. Calculate the remainder when b(26) is divided by 58.
11
Suppose -4*s + 0*s = 4*s. Suppose -19*j + 3*j + 320 = s. What is the remainder when j is divided by 33/6 + (-2)/4?
0
Let x(p) = 3*p + 33. Let i = -67 - -113. Calculate the remainder when i is divided by x(-7).
10
Suppose 74*j + 25 = 79*j. Let l(c) = 7*c**2 - 3*c + 17. Let t be l(j). What is the remainder when (t - (-6)/(-3)) + 3 is divided by 30?
28
Suppose 0 = 18*r - 4*r - 140. C